 be b(-14). What is the units digit of 19 + 1 - (-3)/g?
1
Let k(u) = -2*u**2 - 13*u - 4. Let x be k(-6). Let q = x - -4. What is the tens digit of (23*q)/(12 + -10)?
6
Suppose -7*x = 3*w - 2*x - 33, -65 = -5*w - 5*x. Suppose 0 = -2*p + 2*b + w, 3*p - 2*b + 6 = -5*b. What is the units digit of p?
3
Suppose -3*m = -d - 10 + 1, 5*d - 2*m = 7. Suppose -42 = -4*q + d*q. What is the tens digit of q?
4
Let a(i) = 17*i**2 + i + 2. Let r be a(-1). Suppose -2*k - r = -24. What is the units digit of ((-13)/k)/((-2)/6)?
3
Let o be (-1)/(-3)*(0 + 4)*3. What is the tens digit of o + 1 + (134 - -3)?
4
Let v(k) = -2*k + 7. Let s(r) = r - 2*r - 2*r. Let a be s(2). What is the tens digit of v(a)?
1
Let a = 183 + -15. Suppose 0 = -z - 2*z + a. Suppose 4*y - z = 2*y. What is the units digit of y?
8
Let v = 270 + 27. Suppose -x = -p - 68, v = 3*x - 2*p + 91. What is the tens digit of x?
7
Suppose -3*v = -v - 0*v. Suppose -4*d - 588 = -3*j, 0*j - 5*j - 4*d + 948 = v. What is the tens digit of j?
9
Let m be -42*((-9)/6)/(-1). Let l = m + 122. What is the units digit of l?
9
What is the units digit of 4/(-1) - -6 - -1?
3
Let o be -2 - 28 - (0 - -3). Let t be o/(-9)*(-14 - -2). What is the tens digit of (2*-2)/(8/t)?
2
Suppose -159 - 180 = 3*c. Let w = 156 + c. What is the tens digit of w?
4
Let a = 19 - 30. Let g be (a + 13)*4/2. Suppose -5*i = -g*v + 2 + 78, 5*i = 0. What is the tens digit of v?
2
Suppose -13 = 3*p - 4. Let s(r) = 3*r + 1. Let k be s(p). What is the units digit of 372/k*12/(-9)?
2
Suppose -2*r - 2372 = -4*p, -2*p + 2*r = 7*r - 1174. What is the tens digit of p?
9
Suppose 2*o + 5*m - 2350 = -o, -5*m = 5*o - 3920. What is the units digit of o?
5
Let h(k) = -170*k + 118. What is the units digit of h(-1)?
8
Let u(h) = -28 + 12 - 42*h - 40*h + 87*h. Suppose 2*q = 4*q - 14. What is the tens digit of u(q)?
1
Suppose 4*j + 14 = -2*h, -h + 2 = -5*h + 5*j. Let g be 1*(-4)/h*9. What is the tens digit of 1/1*192/g?
1
Let x(v) = -2*v**3 - 7*v**2 - 6*v - 6. Let c be x(-5). Let w be -3 + 3 + c - 1. Suppose -4*o + 34 = -w. What is the tens digit of o?
3
Let c(w) = 6*w - 1. Let h be c(10). Let j = 38 + h. What is the units digit of j?
7
Suppose -w - 1 = -3*k - 2, -4*k = -2*w + 2. Suppose -2*z + 8 + 8 = k. Let b = 19 - z. What is the units digit of b?
1
Let f be 4/(-6)*(8 - -4). What is the units digit of 20/f*108/(-15)?
8
Let y(g) = -g**3 + 6*g**2 - 6*g + 2. Let s be y(5). Suppose 2*j = -8 + 2. What is the units digit of s - 11*(j + 2)?
8
Let s(l) = l**3 - 43*l**2 + 70*l + 117. What is the tens digit of s(42)?
9
Let b(p) = p**3 + 22*p**2 - 47*p - 19. What is the thousands digit of b(-21)?
1
Suppose -t - 2*u - 12 = 3*t, 5*t - 2*u + 33 = 0. Let k be -4 - -3 - t - 1. What is the units digit of (-273)/14*(-2)/k?
3
Let u(t) = 14*t**3 - 2*t**2 - 2*t - 2. What is the hundreds digit of u(3)?
3
Suppose 3*t = 6*t + 42. What is the units digit of (2 + t)/4 + 59?
6
Let w = 8 + -4. Suppose 4*m - w*c = 28, -2*c = -m + 3*c - 13. Let j = -6 + m. What is the units digit of j?
6
Let c = 47 - 41. Suppose 17*q - 20*q = -c. What is the units digit of q?
2
Let g = 21 - 291. Let n = g - -499. What is the tens digit of n?
2
Suppose 0 = -m - 9. Let b(c) = -c**3 - 8*c**2 + 8*c + 4. Let w be b(m). Suppose -u - w = 4*r - 5*r, -20 = -2*r - u. What is the units digit of r?
1
Suppose 1282 - 4063 = -3*j. What is the units digit of j?
7
Suppose 31*g + 11515 = 38*g. What is the units digit of g?
5
What is the units digit of 0/(-2 - 4) - -440?
0
Let h = 638 - 71. What is the tens digit of h?
6
Let v = 163 - 22. What is the units digit of v?
1
Suppose r - 96 - 214 = 0. What is the tens digit of r?
1
Suppose 0 = -28*w + 26*w - 140. Let i = w + 98. What is the units digit of i?
8
Suppose 0 = 62*f - 96*f + 19754. What is the hundreds digit of f?
5
Suppose 0 = -6*k - 20 - 34. What is the tens digit of 226/3 + 12/k?
7
Let h be (-11)/3 + (-2)/(-3). Let c(r) = -r**2 - 2 + 6 - 74*r - r**3 + 0 + 72*r. What is the tens digit of c(h)?
2
Let t(s) = 3*s**2 - 5*s + 3. Let w be t(2). Suppose -w*g = -336 - 234. What is the units digit of g?
4
Let s(x) = -x**3 + 7*x**2 - 8*x + 20. Let f be s(6). What is the tens digit of f/(-32)*(-403 + -1)?
0
Suppose -3*u = -4*x + 8, 6*x - 8 = 2*x. Let b be (20 + u)*(-8)/(-16). What is the units digit of b/(-4)*(-92)/10?
3
Suppose 4*z - 5*z - 1425 = -5*x, 5*x = -5*z + 1425. What is the tens digit of x?
8
Suppose 0 = 5*x - 430 + 150. Suppose -6*f + 4*f = -x. What is the units digit of f?
8
Let n be (-2 + -49)/(-3 + 2). Let b = -7 + n. Let k = 82 - b. What is the tens digit of k?
3
Let v(x) = -115*x - 27. Let s(a) = 58*a + 14. Let b(q) = 7*s(q) + 4*v(q). What is the tens digit of b(-3)?
5
Suppose -4*c + 27 = 5*w, -w + 0*w - 3 = -2*c. What is the units digit of (207/1)/w + (0 - -1)?
0
Let h(a) = a**2 - 11. Let j be h(-4). Suppose 0 = -0*z + j*z + 3*r - 28, -r = 4*z - 28. What is the units digit of z?
8
Let a = -262 + 530. What is the units digit of 1/(1076/a + -4)?
7
Let r(t) be the third derivative of t**5/30 + 3*t**4/8 - 2*t**2. Suppose 23 = -4*k - 1. What is the tens digit of r(k)?
1
Let o = -71 - -50. Let g = 82 - o. What is the tens digit of g?
0
Let c(u) = 29*u - 443. What is the tens digit of c(23)?
2
Let x(l) = -20*l**3 - 5*l**2 - 48*l - 235. What is the tens digit of x(-5)?
8
Let k = 100 - -210. What is the tens digit of k?
1
Let z(n) = -n**2 + 7*n - 4. Let r be z(3). Let w be 3/(-6) + 28/r. Suppose -w*c + 68 = -115. What is the tens digit of c?
6
Suppose -15 - 14 = l. Let z = 34 + l. Suppose -q = -4*i - 3*q + 192, z*q = -5*i + 230. What is the units digit of i?
0
Suppose -2325 - 760 = -5*f. What is the units digit of f?
7
Suppose -3*h = 5*x - 25691, 5*x = -4*h + 5411 + 20277. What is the tens digit of x?
4
Let h = 7449 - 3756. What is the units digit of h?
3
Let w(r) = -r**2 - 2*r + 66. Let f be w(-9). Let z(n) = 2*n**2 + 2*n. Let u be z(-6). Suppose -f*a + a = -u. What is the tens digit of a?
3
Let c(s) = 516*s + 486. What is the thousands digit of c(5)?
3
Suppose -5*r + 2*r = -4*c + 6820, r + 4 = 0. What is the thousands digit of c?
1
Suppose 4*t + 3*z = -0*z - 11, 0 = 3*t - 3*z - 18. Let g be (-5)/(t*1/(-5)). Suppose 0 = 2*v - v - g. What is the tens digit of v?
2
Suppose -m - 2*m = 3*b - 192, 323 = 5*m + 4*b. What is the tens digit of m + 3 - 12/4?
6
Suppose -a + 2167 = 2*m + 2*a, -5*m + 5413 = 3*a. What is the tens digit of m?
8
Suppose -4 = -2*z - 0*z. Let l(o) = 1 + 1 - 3*o**2 + 7*o**z + o**2. What is the tens digit of l(-2)?
2
Let v(a) = 134*a**2 + 118*a - 495. What is the thousands digit of v(4)?
2
Suppose 5*t - 5*s = 15 - 0, 2*t + 5*s - 41 = 0. Let c = 10 - t. Suppose -c*n + 38 = 4*h - 90, 50 = n - 5*h. What is the units digit of n?
0
Let s be 2 - 2 - (-3 - -1). Suppose -9 + 1 = s*c. What is the tens digit of 24 + (c - 2/(-1))?
2
Let v(f) = 25*f**2 - 11*f + 20. What is the tens digit of v(5)?
9
Let g(h) = 142*h**2 - 15*h + 56. What is the hundreds digit of g(3)?
2
Let w be -17 + (-4)/6*3. Let k = 22 + w. What is the tens digit of k - (20 + 1)*-2?
4
Let r be (-4)/(-10) - (-796)/10. Let p = r - 49. What is the tens digit of p?
3
Suppose -3*t = -b - 7596, -t = -5*t + b + 10127. What is the tens digit of t?
3
Let g(p) = p**3 + 71*p**2 - 281*p - 87. What is the units digit of g(-74)?
9
Let q = 4 + -16. Let k = -7 - q. Suppose 2*d + k*v = -8 - 10, -d - 3*v - 11 = 0. What is the units digit of d?
1
Let m(w) = 9*w**2 + 1 - w**3 + 0*w + 3 + 11*w. Let q be m(10). What is the tens digit of ((-30)/(-4))/(7/q)?
1
Let h(z) = 2 - 21*z - 2*z**2 - 8*z**2 + z**3 + 8*z**2. What is the tens digit of h(7)?
0
Suppose -11*x + 9116 = -16470. What is the hundreds digit of x?
3
Let w(j) be the first derivative of -3*j**2 - 17*j + 8. What is the units digit of w(-7)?
5
Suppose 0 = -5*j - 5*y + 35, 3*j = 3*y - 5*y + 16. Suppose 3*c + 2*h - 18 = j*c, 0 = 2*c - 5*h - 45. What is the units digit of c?
0
Let k = 5 + -2. Suppose -x + 3*x - j = 34, 0 = 2*x - 4*j - 34. Suppose k*s + x = 80. What is the tens digit of s?
2
Suppose 4*b - 3*r = -2*r + 13, -3*b = -r - 9. Suppose 4*o + 16 = 2*x, 3 = 5*x + o - b. Suppose z - x*z = -30. What is the units digit of z?
0
Let b be 1*(-9)/12*-4. Suppose -8*d = -b*d - 10. Suppose -d*f + s + 12 = 3*s, 12 = f - 5*s. What is the units digit of f?
7
Suppose 0 = -2